composite number?
False
Is 65519 composite?
False
Is 161033 a prime number?
True
Is 57427 a prime number?
True
Is 3271 a prime number?
True
Is 45533 composite?
False
Is 5755 a prime number?
False
Is 128431 composite?
False
Is 31687 a prime number?
True
Is 152227 prime?
False
Is 43091 a composite number?
True
Is 36433 prime?
True
Is 648911 a composite number?
False
Is 337 a prime number?
True
Is 1099 prime?
False
Is 200249 prime?
False
Is 1541 a prime number?
False
Is 796013 prime?
False
Is 44458 prime?
False
Is 790599 prime?
False
Is 1184291 a prime number?
True
Is 44783 composite?
True
Is 90227 a composite number?
False
Is 13223 composite?
True
Is 397661 prime?
False
Is 971195 prime?
False
Is 1168529 a composite number?
True
Is 4561849 a composite number?
False
Is 13589 prime?
False
Is 2206409 a composite number?
True
Is 52483 a prime number?
False
Is 62383 prime?
True
Is 613 a composite number?
False
Is 294863 a prime number?
False
Is 97481 prime?
False
Is 253901 composite?
False
Is 23459 a composite number?
False
Is 100174 composite?
True
Is 565703 a prime number?
False
Is 8457 a prime number?
False
Is 980887 a prime number?
True
Is 63577 a composite number?
False
Is 1799 a composite number?
True
Is 218797 a composite number?
False
Is 390581 prime?
True
Is 30449 a composite number?
False
Is 26813 prime?
True
Is 91187 prime?
False
Is 836047 composite?
False
Is 2219 a prime number?
False
Is 6193 prime?
False
Is 9235 a composite number?
True
Is 45205 prime?
False
Is 101539 a composite number?
True
Is 169654 prime?
False
Is 1061537 composite?
True
Is 712463 a prime number?
False
Is 873629 a prime number?
False
Is 9753 a prime number?
False
Is 29119 composite?
True
Is 37357 prime?
True
Is 73417 prime?
True
Is 28169 composite?
True
Is 9181 composite?
False
Is 121777 a composite number?
True
Is 2479 a composite number?
True
Is 101329 a prime number?
False
Is 16691 composite?
False
Is 14709 a composite number?
True
Is 11721 prime?
False
Is 2777 a composite number?
False
Is 1262827 prime?
False
Is 239971 prime?
False
Is 135221 a composite number?
False
Is 112621 prime?
True
Is 323233 a composite number?
False
Is 41671 a composite number?
True
Is 131431 a prime number?
True
Is 5347 prime?
True
Is 1087253 prime?
False
Is 2729 composite?
False
Is 1931759 a composite number?
False
Is 6449 composite?
False
Is 42239 a prime number?
True
Is 139793 prime?
False
Is 172049 a composite number?
False
Is 1001419 composite?
True
Is 14414 a prime number?
False
Is 1419681 prime?
False
Is 65165 a prime number?
False
Is 9155 prime?
False
Is 236083 prime?
False
Is 131129 prime?
True
Is 4831 a prime number?
True
Is 21427 a prime number?
False
Is 13853 composite?
True
Is 998 composite?
True
Is 83879 composite?
True
Is 18041 prime?
True
Is 32831 prime?
True
Is 48443 a composite number?
True
Is 645313 composite?
False
Is 338893 a prime number?
True
Is 19841 prime?
True
Is 65242 composite?
True
Is 648509 a prime number?
True
Is 131 composite?
False
Is 54721 prime?
True
Is 10697 a prime number?
False
Is 212981 a prime number?
True
Is 5561 prime?
False
Is 853 composite?
False
Is 1139 prime?
False
Is 34807 a prime number?
True
Is 2629 a composite number?
True
Is 38069 composite?
False
Is 3661 a prime number?
False
Is 60805 a prime number?
False
Is 36301 a composite number?
True
Is 49597 composite?
False
Is 80287 composite?
False
Is 12793 prime?
False
Is 43481 prime?
True
Is 55439 composite?
False
Is 96067 a prime number?
False
Is 34351 a composite number?
False
Is 899611 prime?
True
Is 35039 a composite number?
True
Is 11071 a composite number?
False
Is 2652827 a composite number?
False
Is 6079 prime?
True
Is 419243 a prime number?
False
Is 1648783 a prime number?
False
Is 112951 composite?
False
Is 112031 a prime number?
True
Is 60373 a prime number?
True
Is 5433 prime?
False
Is 5147 composite?
False
Is 2451521 prime?
True
Is 107971 a composite number?
False
Is 5241 composite?
True
Is 26539 composite?
False
Is 236749 prime?
True
Is 17002 prime?
False
Is 38501 a composite number?
False
Is 36827 prime?
False
Is 894917 a composite number?
False
Is 737033 prime?
False
Is 24891 composite?
True
Is 230539 prime?
True
Is 47933 a prime number?
True
Is 100129 composite?
False
Is 26149 composite?
True
Is 1507 a prime number?
False
Is 884383 prime?
False
Is 1537 prime?
False
Is 220919 a prime number?
True
Is 5089 composite?
True
Is 103757 a composite number?
True
Is 1749023 prime?
True
Is 1399 composite?
False
Is 259277 composite?
False
Is 1337 a composite number?
True
Is 802441 composite?
False
Is 2461 a composite number?
True
Is 61211 prime?
True
Is 27179 a prime number?
True
Is 28513 a composite number?
False
Is 730139 composite?
False
Is 14073 a composite number?
True
Is 281033 a prime number?
True
Is 5191 composite?
True
Is 161501 a composite number?
True
Is 7039 a prime number?
True
Is 4387 prime?
False
Is 11237 composite?
True
Is 82741 prime?
False
Is 78586 a prime number?
False
Is 945509 prime?
False
Is 5737 composite?
False
Is 10765 a prime number?
False
Is 39779 a composite number?
False
Is 82633 composite?
False
Is 22439 a composite number?
True
Is 24031 a prime number?
False
Is 51473 a composite number?
False
Is 44351 a prime number?
True
Is 2053 composite?
False
Is 280219 a composite number?
False
Is 7063 a prime number?
False
Is 135077 a prime number?
True
Is 8923 prime?
True
Is 371879 composite?
True
Is 2819 prime?
True
Is 138499 a prime number?
False
Is 127267 a prime number?
False
Is 631 composite?
False
Is 12637 prime?
True
Is 2103 a composite number?
True
Is 102307 a prime number?
False
Is 39323 composite?
False
Is 233371 prime?
True
Is 69337 composite?
False
Is 3183179 a prime number?
True
Is 42751 prime?
True
Is 10637 prime?
False
Is 1312159 a composite number?
True
Is 5447 a composite number?
True
Is 126803 prime?
False
Is 2231 composite?
True
Is 811 a prime number?
True
Is 44071 a prime number?
True
Is 4747 composite?
True
Is 2633 composite?
False
Is 16391 a composite number?
True
Is 150989 composite?
False
Is 74069 composite?
True
Is 16729 a prime number?
True
Is 119027 a prime number?
True
Is 8663 composite?
False
Is 255965 a prime number?
False
Is 23713 a prime number?
False
Is 11777 a prime number?
True
Is 5277 prime?
False
Is 79881 a prime number?
False
Is 283631 composite?
False
Is 161627 composite?
False
Is 32171 a composite number?
True
Is 167381 composite?
False
Is 300262 a composite number?
True
Is 872017 prime?
True
Is 6163 composite?
False
Is 64703 a composite number?
True
Is 2733 a prime number?
False
Is 240826 a composite number?
True
Is 1151999 a prime number?
True
Is 107563 composite?
False
Is 913435 a prime number?
False
Is 674931 a composite number?
True
Is 44351 a composite number?
False
Is 572009 a composite number?
True
Is 2779 composite?
True
Is 381 composite?
True
Is 9986 prime?
False
Is 36535 a composite number?
True
Is 112687 a composite number?
False
Is 1115 composite?
True
Is 58391 composite?
False
Is 232549 a composite number?
False
Is 1949 prime?
True
Is 202799 composite?
False
Is 7478 a prime number?
False
Is 10001 composite?
True
Is 64109 a composite number?
False
Is 29501 composite?
False
Is 537611 prime?
True
Is 7387 composite?
True
Is 1202471 a prime number?
True
Is 1259389 a composite number?
False
Is 495085 prime?
False
Is 1290019 a composite number?
False
Is 167074 a prime number?
False
Is 178023 composite?
True
Is 209687 composite?
False
Is 2181 a prime number?
False
Is 71189 a prime number?
False
Is 9287 a composite number?
True
Is 147517 prime?
True
Is 19315 a prime number?
False
Is 1688749 a composite number?
True
Is 1647269 a composite number?
True
Is 6467 a prime number?
False
Is 539647 a prime number?
False
Is 2551999 a prime number?
True
Is 1060495 composite?
True
Is 190487 a composite number?
True
Is 2053 a prime number?
True
Is 35387 composite?
True
Is 84913 a composite number?
False
Is 2657 prime?
True
Is 2371 composite?
False
Is 322267 prime?
False
Is 19637 prime?
False
Is 38705 prime?
False
Is 153563 composite?
False
Is 16597 prime?
False
Is 3047 composite?
True
Is 9993 prime?
False
Is 1653533 prime?
False
Is 76711 a composite number?
True
Is 28979 composite?
False
Is 127619 prime?
False
Is 169571 prime?
False